{"id":2532,"date":"2025-03-15T16:29:27","date_gmt":"2025-03-15T16:29:27","guid":{"rendered":"https:\/\/majollyperle.fr\/?post_type=product&#038;p=2532"},"modified":"2025-10-05T16:44:11","modified_gmt":"2025-10-05T16:44:11","slug":"boucle-doreille-argent-etoile","status":"publish","type":"product","link":"https:\/\/majollyperle.fr\/?product=boucle-doreille-argent-etoile","title":{"rendered":"Nova"},"content":{"rendered":"<p>Tous les bijoux sont fabriqu\u00e9s \u00e0 la main dans mon atelier en Vend\u00e9e. Pour cette raison, chaque pi\u00e8ce est unique et peut pr\u00e9senter des diff\u00e9rences avec la photo, c\u2019est aussi \u00e7a la beaut\u00e9 du fait main !<\/p>\n<p>Entretien\u00a0:<\/p>\n<p>Pour les bijoux en\u00a0acier inoxydable, lavez-les simplement avec de l\u2019eau et du savon ou utilisez du citron et du vinaigre blanc \u00e0 l\u2019aide d\u2019un chiffon pour pr\u00e9server leur \u00e9clat et leur dur\u00e9e de vie\u00a0!<\/p>\n<p>Bien que les cha\u00eenes soient con\u00e7ues avec des mat\u00e9riaux de qualit\u00e9, nous vous recommandons de les tenir \u00e9loign\u00e9s du parfum, de l\u2019eau de mer et autres produits abrasifs.<\/p>\n","protected":false},"excerpt":{"rendered":"<p>Boucle d&rsquo;oreille en acier inoxydable en argent avec sa breloque \u00e9toile.<\/p>\n","protected":false},"featured_media":2508,"comment_status":"open","ping_status":"closed","template":"","meta":[],"product_brand":[],"product_cat":[43],"product_tag":[],"class_list":{"0":"post-2532","1":"product","2":"type-product","3":"status-publish","4":"has-post-thumbnail","6":"product_cat-boucles-doreilles","8":"first","9":"instock","10":"taxable","11":"shipping-taxable","12":"purchasable","13":"product-type-simple"},"_links":{"self":[{"href":"https:\/\/majollyperle.fr\/index.php?rest_route=\/wp\/v2\/product\/2532","targetHints":{"allow":["GET"]}}],"collection":[{"href":"https:\/\/majollyperle.fr\/index.php?rest_route=\/wp\/v2\/product"}],"about":[{"href":"https:\/\/majollyperle.fr\/index.php?rest_route=\/wp\/v2\/types\/product"}],"replies":[{"embeddable":true,"href":"https:\/\/majollyperle.fr\/index.php?rest_route=%2Fwp%2Fv2%2Fcomments&post=2532"}],"wp:featuredmedia":[{"embeddable":true,"href":"https:\/\/majollyperle.fr\/index.php?rest_route=\/wp\/v2\/media\/2508"}],"wp:attachment":[{"href":"https:\/\/majollyperle.fr\/index.php?rest_route=%2Fwp%2Fv2%2Fmedia&parent=2532"}],"wp:term":[{"taxonomy":"product_brand","embeddable":true,"href":"https:\/\/majollyperle.fr\/index.php?rest_route=%2Fwp%2Fv2%2Fproduct_brand&post=2532"},{"taxonomy":"product_cat","embeddable":true,"href":"https:\/\/majollyperle.fr\/index.php?rest_route=%2Fwp%2Fv2%2Fproduct_cat&post=2532"},{"taxonomy":"product_tag","embeddable":true,"href":"https:\/\/majollyperle.fr\/index.php?rest_route=%2Fwp%2Fv2%2Fproduct_tag&post=2532"}],"curies":[{"name":"wp","href":"https:\/\/api.w.org\/{rel}","templated":true}]}}